{"id":28,"date":"2015-11-16T21:33:21","date_gmt":"2015-11-16T21:33:21","guid":{"rendered":"http:\/\/buergerfunk-siwi.de\/?page_id=28"},"modified":"2016-03-03T18:26:00","modified_gmt":"2016-03-03T18:26:00","slug":"kooperationen-und-zusammenarbeit","status":"publish","type":"page","link":"https:\/\/buergerfunk-siwi.de\/?page_id=28","title":{"rendered":"Zusammenarbeit"},"content":{"rendered":"<p><strong>Zusammenarbeit<\/strong><\/p>\n<p>In unseren Sendungen laden wir immer regionale Gruppen, Schulen, Vereine und Verb\u00e4nde zur\u00a0Zusammenarbeit ein. Zusammenarbeit nicht nur zum Sendethema , sondern auch im\u00a0Blick auf Projekte und Schulungen ein.<\/p>\n<p>Durch die Zusammenarbeit k\u00f6nnen die Anliegen der B\u00fcrger, Jung und Alt, bestimmte Zielgruppen st\u00e4rker in den gesellschaftlichen Raum reingetragen werden.<\/p>\n","protected":false},"excerpt":{"rendered":"<p>Zusammenarbeit In unseren Sendungen laden wir immer regionale Gruppen, Schulen, Vereine und Verb\u00e4nde zur\u00a0Zusammenarbeit ein. Zusammenarbeit nicht nur zum Sendethema , sondern auch im\u00a0Blick auf Projekte und Schulungen ein. Durch die Zusammenarbeit k\u00f6nnen die Anliegen der B\u00fcrger, Jung und Alt, bestimmte Zielgruppen st\u00e4rker in den gesellschaftlichen Raum reingetragen werden.<\/p>\n","protected":false},"author":2,"featured_media":0,"parent":0,"menu_order":0,"comment_status":"closed","ping_status":"closed","template":"","meta":{"footnotes":""},"_links":{"self":[{"href":"https:\/\/buergerfunk-siwi.de\/index.php?rest_route=\/wp\/v2\/pages\/28"}],"collection":[{"href":"https:\/\/buergerfunk-siwi.de\/index.php?rest_route=\/wp\/v2\/pages"}],"about":[{"href":"https:\/\/buergerfunk-siwi.de\/index.php?rest_route=\/wp\/v2\/types\/page"}],"author":[{"embeddable":true,"href":"https:\/\/buergerfunk-siwi.de\/index.php?rest_route=\/wp\/v2\/users\/2"}],"replies":[{"embeddable":true,"href":"https:\/\/buergerfunk-siwi.de\/index.php?rest_route=%2Fwp%2Fv2%2Fcomments&post=28"}],"version-history":[{"count":4,"href":"https:\/\/buergerfunk-siwi.de\/index.php?rest_route=\/wp\/v2\/pages\/28\/revisions"}],"predecessor-version":[{"id":171,"href":"https:\/\/buergerfunk-siwi.de\/index.php?rest_route=\/wp\/v2\/pages\/28\/revisions\/171"}],"wp:attachment":[{"href":"https:\/\/buergerfunk-siwi.de\/index.php?rest_route=%2Fwp%2Fv2%2Fmedia&parent=28"}],"curies":[{"name":"wp","href":"https:\/\/api.w.org\/{rel}","templated":true}]}}